 ((-32)/18 - -2).
2, 79
Let i(p) = p**3 + 4*p**2 - 4*p + 7. Let z(j) = 2*j + 11. Let y be z(-8). Let v be i(y). What are the prime factors of (9/((-18)/(-28)))/v?
7
Suppose 2*t + 2*b - 4*b - 8 = 0, -4*t = 4*b + 16. Suppose t = 104*h - 96*h - 4360. What are the prime factors of h?
5, 109
Let q(t) = -t**3 - 2*t**2 + 4*t + 6. Let r be q(-3). Suppose 0 = -r*c + 464 + 370. What are the prime factors of c?
2, 139
Suppose 16741 + 3635 = 74*c - 73456. What are the prime factors of c?
2, 317
Let n(r) be the third derivative of -r**5/60 + 17*r**4/8 - 3*r**3 + 188*r**2. List the prime factors of n(9).
2, 3, 5
Suppose 0 = 2*o - 3615 - 1281. Suppose -2*v + 10*v = o. What are the prime factors of v?
2, 3, 17
Suppose 0 = 4*i - l - 567 + 107, 3*i = 4*l + 358. Suppose -3*t - 30 = -i. List the prime factors of t.
2, 7
Let k(r) = -3*r - 17. Let t be k(-9). Suppose 3*l = t + 8. Suppose 0*w + 852 = l*w. List the prime factors of w.
2, 71
Let l(m) = 5*m**3 + m + 11051. What are the prime factors of l(0)?
43, 257
Let p = -48 - -58. Suppose p*k + 4*k = 6342. What are the prime factors of 12/(-7)*(-5 + k/(-6))?
2, 3, 23
Let b(h) = -219*h - 394. What are the prime factors of b(-63)?
13, 1031
Suppose -61*j + 141607 = -131734. List the prime factors of j.
4481
Suppose -4*u = i - 30, 5*i = -5*u + 49 - 4. Let k(r) = r**3 - 2*r**2 + 4*r - 16. List the prime factors of k(u).
257
Suppose -5 = -8*b + 11. Suppose -t + 4 = 3*t, 0 = 4*y + b*t + 14. Let v(m) = m**3 + 5*m**2 - m + 5. What are the prime factors of v(y)?
5
Suppose 0 = -11*h + 14*h - 795. Let f = h + -216. List the prime factors of f.
7
Suppose 34 = -11*h + 67. Suppose 2*y + 4*l - 828 = 2396, h*y + 4*l = 4830. What are the prime factors of y?
2, 11, 73
Let q(g) = 37*g**2 - 89*g + 164. What are the prime factors of q(17)?
2, 73
Let s be (-11 - -1)/(-1 + 0). Let t be 7 + (-2)/(s/25). Suppose 3*h - 721 = t*q, 964 = 4*h + q - 5*q. List the prime factors of h.
239
Let x be (5/6 + (-4)/(-24))*1. Let i be (-117)/7 + x/(14/(-4)). List the prime factors of i/(-5) + -3 + (-163)/(-5).
3, 11
Suppose -l - 5*c = 139, -5*l - 4*c = -7*l - 264. Let i = l - -246. What are the prime factors of i?
2, 7
Let z be -25*(0/4 - 1) - 1. Let t(p) = 3*p + 74. List the prime factors of t(z).
2, 73
Let f = -2162 + 2180. Suppose 0 = 3*w - 3 - 6. What are the prime factors of (-897)/(-27) + w + (-58)/f?
3, 11
Let a = 1642 + 2263. List the prime factors of a.
5, 11, 71
Let g(w) = -15*w**2 + 3*w + 1. Let c be g(4). Let d = -455 - c. Let f = 420 + d. List the prime factors of f.
2, 3
Suppose 37*j - 36*j - 3*o - 9861 = 0, 0 = 5*j + o - 49241. List the prime factors of j.
3, 7, 67
Let x(l) = -19*l**3 + 5*l**2 - 8*l - 10. Let f be ((-1)/3)/(24/216). List the prime factors of x(f).
2, 11, 13
Let m(p) = 49*p**3 + 26*p**2 - 168*p + 32. What are the prime factors of m(6)?
2, 659
Let m(w) = -w - 3. Let n be m(-2). Let o be 25 + ((-6)/n - 2). Suppose 0 = -p + o + 24. List the prime factors of p.
53
Let u(a) be the second derivative of 499*a**4/12 - a**3/6 - 3*a**2/2 - 43*a. What are the prime factors of u(-1)?
7, 71
List the prime factors of (-261520)/(-25) + 36/30.
2, 5231
Let q(i) = 12*i**2 - 23*i + 307. What are the prime factors of q(31)?
2, 5563
Let k be -321 + ((-1)/(-1) - 8). Let h = 787 + k. What are the prime factors of h?
3, 17
Suppose -19*x + 106 = -84. Let v(h) = 10*h - 27. What are the prime factors of v(x)?
73
Let g(j) = 45*j**2 - 3*j + 55. Let u(d) = 23*d**2 - d + 27. Let x(w) = 6*g(w) - 11*u(w). What are the prime factors of x(3)?
3, 5, 11
Let c = -727 - -1527. Suppose -q = -y - c, q - 6*q + 4*y + 4000 = 0. Suppose -4*j - 4*v = -q, j + 4*j - 1040 = 3*v. List the prime factors of j.
5, 41
Suppose 352*m - 370*m + 11970 = 0. List the prime factors of m.
5, 7, 19
Let j(c) = 107*c**2 + 201*c + 148. List the prime factors of j(-28).
2, 3, 11
Suppose -24*c + 76039 = -85505. List the prime factors of c.
53, 127
Let v(z) be the third derivative of 4*z**5/15 - 5*z**4/24 + 7*z**3/6 - 2*z**2. Let b be v(2). Let n = b + 24. What are the prime factors of n?
5, 17
Let v(n) = -2*n + 37. Let r be v(19). Let i be (523 + -4)*(-2 - r). What are the prime factors of i*(7/(-3))/7?
173
Let j(d) = 2 + 51*d - 19*d + 37*d + 42*d. Let z be j(-1). Let q = z - -203. List the prime factors of q.
2, 47
Let o = 177869 - 122591. What are the prime factors of o?
2, 3, 37, 83
Let x = 297 - 297. Suppose 0 = -3*f + t + 775, x = 3*f + 2*t - 7*t - 791. List the prime factors of f.
257
Let q(m) = -239*m**3 + 20*m**2 + 55*m - 39. List the prime factors of q(-5).
23, 1307
Let h(c) = -14*c**3 - 2*c**2 + 9*c + 1. Let m be h(3). Let w = m + 672. List the prime factors of w.
2, 19
Suppose -9 = -4*j + j. Suppose k + 3 = 0, 9*d - j*k + 19 = 13*d. Let t(v) = 2*v**2 - 3*v - 27. What are the prime factors of t(d)?
2, 5
Suppose 0 = -m - 41 + 46. Suppose -m*d + 3*a = -0*a - 1799, 4*d + 5*a - 1417 = 0. What are the prime factors of d?
2, 179
Suppose -6*h + 100 = 70. Suppose -59 = -t - h. What are the prime factors of t?
2, 3
Let c(m) be the second derivative of -m**4/12 - 2*m**3 + 65*m**2/2 - 10*m. Let i be c(-16). List the prime factors of (205 - -4)/i + 4.
3, 71
Suppose -3*p = -10*o + 6*o - 30, 4*p = -5*o + 40. Let f(l) = -2*l + 8. Let n be f(p). List the prime factors of (n/(-8))/(6/448).
2, 7
Suppose 0 = 3*f - 2*h - 49251, 26044 + 6792 = 2*f - h. List the prime factors of f.
16421
List the prime factors of (-414)/12*(26/(-143) + 49712/(-44)).
3, 5, 23, 113
Let v(y) = y**3 + 8*y**2 + 7*y - 4. Let j be -4 - (0 + -3)/(-1). Let c be v(j). What are the prime factors of 2/c*(-36 + 0)?
2, 3
Let g(q) = 271*q**2 + 26*q - 56. What are the prime factors of g(-5)?
11, 599
List the prime factors of ((-3)/(6/(-10)))/((-5)/(-11885)).
5, 2377
Suppose -5*i + 1904 = -2*h + 4*h, h + 2*i - 951 = 0. What are the prime factors of h?
947
Let z(a) be the third derivative of 3*a**4/4 + a**3 - 2*a**2. Let k be (5 - (0 + 0)) + -6 + 3. What are the prime factors of z(k)?
2, 3, 7
Let y(a) = 49*a**2 - 10*a + 13. Let o be y(3). Let m = -309 + o. What are the prime factors of m?
5, 23
List the prime factors of ((-24)/9)/(2/(-30726)*3 - 0).
2, 3, 569
List the prime factors of -348021*28/(-1134) - (130/(-45) - -3).
13, 661
Let p be 2530/50 - 9/15. List the prime factors of (4 - (-334)/5)/(4/p).
3, 5, 59
Let g = -1521 - -7723. What are the prime factors of g?
2, 7, 443
Let n(t) = t**3 - 7*t**2 + 14*t - 17. Let s be n(5). Suppose s*w - 2*w + 4 = 0, w = l - 54. List the prime factors of l.
2, 5
Let z(t) be the second derivative of -t**3 - 25*t**2/2 - 21*t. Suppose -2*g + y - 35 = g, -2*g = 2*y + 10. What are the prime factors of z(g)?
5, 7
Let y(o) = -396*o - 29. Let h be y(-2). What are the prime factors of (-8)/(-5 - (-3808)/h)?
2, 109
Let h(n) = 7*n**2 + 3*n - 10. Let i be h(2). List the prime factors of 4452/(-8)*(-16)/i.
7, 53
Let u(i) be the first derivative of -i**3/3 - i**2/2 + 167*i + 56. What are the prime factors of u(0)?
167
What are the prime factors of 13 - (-5)/((-25)/(-23970))?
11, 19, 23
List the prime factors of 6857 - ((-33)/(-77))/(2/(-14)).
2, 5, 7
Let i be ((-5)/5)/(30/16 + -2). Let l(s) = -s**2 + 7*s + 11. Let r be l(i). Suppose 0 = -r*o, 2*o + 366 = 3*q + o. List the prime factors of q.
2, 61
Suppose 13*v + u - 2234 = 16*v, v = 2*u - 753. Let l = v - -1143. List the prime factors of l.
2, 5
Let n = 196 - 194. Suppose -15*t = -13*t - 4*a - 1532, 0 = n*t + 5*a - 1487. What are the prime factors of t?
2, 3, 7
Suppose -4*k = -2*i - 17911 - 11797, 5*k = -i + 37142. List the prime factors of k.
2, 3, 619
Suppose 11*f = 4*f + 28. Suppose f*l - 47 + 23 = 0. List the prime factors of 1488/l + (-4)/(-2).
2, 5
Suppose -4*t + 6*t - 6 = 5*s, 5*t + 2*s - 15 = 0. Suppose l + q + t*q - 32 = 0, 8 = -l + 4*q. List the prime factors of l.
2, 3
Let c(n) = n**3 + 6*n**2 - 6*n - 12. Let q be c(-6). Suppose 0 = -4*a - 1 - 11, -5*i + 3*a + q = 0. Suppose -176 = -i*z + 394. List the prime factors of z.
2, 5, 19
Suppose 3*l = 5*x + 15404, -15*l + 10*l + 25730 = 3*x. What are the prime factors of l?
37, 139
Suppose 96*k - 5*m + 17575 = 91*k, 3 = 3*m. Let i = k - -5025. List the prime factors of i.
1511
List the prime factors of (74 - -8)/(7 + (1608/(-1624) - 6)).
7, 29, 41
Let b = -26787 - -44489. List the prime factors of b.
2, 